 + 208*t + 78. What is x(0)?
78
Let h(k) = 21*k**2 - 34613*k + 6. Determine h(0).
6
Let u(l) = l**3 + 7*l**2 + 17*l + 40. Calculate u(-10).
-430
Let s(d) = 3*d**3 + 3131*d**2 + 23809*d - 19692. What is s(-1036)?
-8
Let a(g) = 6*g**3 + 233*g**2 - 58*g - 1096. Calculate a(-39).
-355
Let f(q) = 200*q + 3017. Determine f(-14).
217
Let y(m) = 12441*m - 174145. Give y(14).
29
Let v(h) = -2*h**3 - 458*h**2 + 20915*h + 2943. Calculate v(-268).
-5
Let v(m) = -23*m**2 - 25*m + 399. Give v(8).
-1273
Let m(s) = -5*s**2 - 800*s - 232. What is m(-160)?
-232
Let l(h) = 37*h**3 - 776*h**2 + 40*h - 761. Determine l(21).
520
Let n(z) = 348*z + 20. What is n(-5)?
-1720
Let r(f) = 514*f**3 - 5*f**2 + 9*f + 13. Determine r(-1).
-515
Let m(h) = -3521*h - 13871. Give m(-4).
213
Let u(w) = w**3 - 98*w**2 - 27*w - 50219. Give u(103).
45
Let b(m) = 6*m + 1171. Determine b(0).
1171
Let a(w) = -6*w**2 - 1235*w + 8603. Give a(7).
-336
Let r(o) = o**3 + 74*o**2 - 474*o + 760. Calculate r(-80).
280
Let a(g) = -12952*g - 1942805. What is a(-150)?
-5
Let t(o) = -18929*o - 795005. Calculate t(-42).
13
Let d(t) = -11*t**3 + 278*t**2 - 791*t - 9. What is d(22)?
13
Let r(u) = 16074*u + 80377. Determine r(-5).
7
Let c(a) = 7*a**3 + 400*a**2 - 166*a - 12758. Determine c(-57).
-47
Let h(t) = -t**2 + 106*t - 3341. Give h(52).
-533
Let y(b) = -97*b**3 - 1002*b**2 + 719*b + 17. What is y(-11)?
-27
Let b(z) = -16*z**2 - 1170*z + 10209. What is b(-81)?
3
Let y(f) = 4219*f**2 + 8463*f + 49. What is y(-2)?
-1
Let t(w) = 98*w**2 - 1063*w - 26861. Calculate t(-12).
7
Let r(y) = -y**3 + 8*y**2 + 29*y - 182. Give r(9).
-2
Let r(w) = -2*w**3 + 24*w**2 + 51*w - 675. Calculate r(12).
-63
Let f(u) = 756*u + 3670. Give f(-3).
1402
Let n(r) = 36*r - 4773. Calculate n(132).
-21
Let c(f) = f**3 + 7*f**2 + 18*f + 8. What is c(-2)?
-8
Let g(h) = 5*h**2 - 31*h - 104. Determine g(-9).
580
Let o(f) = -f**3 - 593*f**2 - 37080*f - 1277. Determine o(-71).
1
Let f(p) = 5*p**2 - 102*p + 98. Calculate f(19).
-35
Let o(f) = 2*f**3 + 71*f**2 + 168*f + 10189. Calculate o(-37).
-134
Let f(a) = -a**3 + 313*a**2 - 1392*a - 45476. Calculate f(308).
108
Let t(v) = 3*v**3 - 15*v**2 - 3*v - 15. What is t(5)?
-30
Let q(l) = -3*l**2 + 156*l + 1679. What is q(-10)?
-181
Let i(x) = 3*x**2 - 538*x - 3720. Determine i(-7).
193
Let s(t) = 52013*t + 13367336. Determine s(-257).
-5
Let n(g) = 235262*g + 235288. What is n(-1)?
26
Let l(o) = 2731*o - 3025946. What is l(1108)?
2
Let z(f) = -34*f**3 - 1068*f**2 + 768*f + 4089. Give z(-32).
-7
Let n(f) = -f**2 - 7237*f - 43350. Calculate n(-6).
36
Let q(v) = v**3 + 332*v**2 + 2508*v - 7118. What is q(-10)?
2
Let a(y) = -14096*y - 211565. Calculate a(-15).
-125
Let k(s) = s**2 - 3752*s + 22513. Give k(6).
37
Let a(w) = w**2 + 215*w + 6499. Give a(-186).
1105
Let x(q) = q**2 - 257*q - 42321. Give x(-114).
-27
Let f(u) = -2*u**3 - 420*u**2 + 1300*u + 4676. Give f(-213).
-10
Let m(i) = -i**2 - 776*i + 5509. Give m(7).
28
Let k(s) = -19138*s + 1971210. What is k(103)?
-4
Let o(z) = 5003*z - 19657. Give o(5).
5358
Let h(x) = -14431*x + 158734. What is h(11)?
-7
Let i(z) = -6323*z + 44407. Determine i(7).
146
Let n(g) = 2*g**3 - 72*g**2 + 498*g + 26. Give n(16).
-2246
Let m(u) = -33343*u + 333381. Determine m(10).
-49
Let b(y) = 26703*y - 1121545. Give b(42).
-19
Let c(x) = -26370*x + 52769. Give c(2).
29
Let i(h) = 9*h**3 + 4*h**2 - 163*h - 487. Determine i(-3).
-205
Let w(a) = a**3 - 536*a**2 - 10258*a - 159291. Determine w(555).
-6
Let s(l) = -2168*l + 639447. Determine s(295).
-113
Let g(v) = -v**3 + 84*v**2 + 3418*v + 183. Determine g(114).
-45
Let m(h) = -h**3 - 183*h**2 + 11088*h + 4. Determine m(-231).
4
Let d(b) = 2094*b - 10455. Give d(5).
15
Let y(f) = -4*f**3 + 59*f**2 - 9*f + 371. Determine y(15).
11
Let o(f) = 4*f**2 - 82*f - 120. Give o(22).
12
Let d(x) = -21*x**2 + 18252*x - 514076. What is d(840)?
4
Let a(q) = -q**3 + 1180*q**2 + 1133*q + 56701. Give a(1181).
13
Let z(r) = r**3 + 53*r**2 - 265*r - 14053. Give z(-53).
-8
Let q(t) = 2*t**3 + 15*t**2 - 10197*t - 91518. Give q(-9).
12
Let z(y) = 39*y**2 - 5906*y + 5868. Calculate z(1).
1
Let j(z) = -957*z - 2813. Give j(-3).
58
Let i(t) = t**3 + 379*t**2 + 6464*t - 12283. Calculate i(-361).
-9
Let l(h) = -432*h - 3920. Determine l(-9).
-32
Let g(d) = 12*d**3 - 7*d**2 - 203*d + 446. Determine g(2).
108
Let m(d) = 5779*d + 1485122. Determine m(-257).
-81
Let c(a) = 5549*a + 177475. What is c(-32)?
-93
Let c(z) = -103*z**2 + 1035*z + 1035. Give c(-1).
-103
Let r(l) = -4*l**3 + 108*l**2 + 1153*l - 32683. Give r(26).
-1
Let k(q) = -160*q**2 + 29943*q - 4313. Calculate k(187).
-12
Let o(q) = q**2 - 872*q + 22796. Determine o(27).
-19
Let r(c) = c**3 + 227*c**2 - 1170*c - 2213. Calculate r(-232).
107
Let b(q) = q**3 - 791*q**2 + 25725*q + 9801. Calculate b(757).
-40
Let x(c) = -97*c**3 - 102824*c**2 - 4242*c - 2112. Determine x(-1060).
8
Let w(n) = 218*n**3 + n**2 - 35*n + 34. Determine w(1).
218
Let w(x) = 6*x**2 + 851*x + 21931. Calculate w(-108).
7
Let h(x) = x**3 - 10*x**2 + 42867*x - 8. Give h(0).
-8
Let h(d) = -2322*d - 81281. What is h(-35)?
-11
Let w(v) = 7710*v + 215907. What is w(-28)?
27
Let d(q) = 8*q**2 - 137*q - 84. Determine d(10).
-654
Let x(a) = -5*a**2 + 3026*a - 97105. Calculate x(34).
-1
Let n(m) = 2050*m + 56483. Determine n(-28).
-917
Let j(d) = 1078*d - 75612. Calculate j(70).
-152
Let l(h) = -h**2 + 322*h + 29335. Give l(-74).
31
Let k(s) = -41*s**3 - 980*s**2 + 92*s - 68. Give k(-24).
28
Let d(t) = -8348*t - 83267. Determine d(-10).
213
Let j(k) = k**2 + 6820*k - 34162. Give j(5).
-37
Let q(k) = k**2 + 133*k - 36. What is q(-132)?
-168
Let u(c) = 5*c**2 + 458*c + 9291. Give u(-62).
115
Let n(f) = -3*f**3 - 91*f**2 + 154*f - 190. Give n(-32).
2
Let a(w) = -2*w**3 - 9*w**2 - 109*w - 1156. What is a(-10)?
1034
Let w(m) = -m**3 - 224*m**2 + 1567*m - 83. Calculate w(7).
-433
Let s(o) = -298061*o + 894165. Determine s(3).
-18
Let u(m) = -2059*m - 8275. What is u(-4)?
-39
Let g(f) = f**2 + 65*f - 523. What is g(-75)?
227
Let m(u) = u**3 + 453*u**2 + 2766*u - 2494. Give m(-7).
-2
Let q(y) = -52*y - 962. Give q(-17).
-78
Let g(l) = -113*l + 10632. Give g(91).
349
Let u(d) = -2*d**2 - 81*d + 217317. Determine u(310).
7
Let w(h) = -7615*h + 53306. What is w(7)?
1
Let d(w) = 4*w**3 - 29*w**2 - 102*w + 13. What is d(-4)?
-299
Let c(p) = -p**3 - 2*p**2 - 68*p - 501. Determine c(-6).
51
Let h(w) = -13*w**2 - 217*w + 2134. What is h(7)?
-22
Let p(h) = 2129*h + 50944. Determine p(-24).
-152
Let i(g) = 98*g**2 + 46*g - 143. Determine i(1).
1
Let t(a) = -3*a**3 - 4*a**2 - 27*a + 10. Calculate t(-8).
1506
Let g(i) = 4*i**2 + 5463*i - 54874. Give g(10).
156
Let u(c) = -c**3 + c**2 + 583*c - 2280. What is u(4)?
4
Let v(a) = 1560*a + 21699. What is v(-14)?
-141
Let c(b) = 84*b + 234. Determine c(-2).
66
Let a(t) = t**3 + 59*t**2 - 65*t + 2219. What is a(-61)?
-1258
Let s(c) = -c**3 - 194*c**2 + 1684*c - 539. Determine s(8).
5
Let c(l) = 352*l - 902. Give c(7).
1562
Let k(x) = -7059450*x - 28237796. What is k(-4)?
4
Let z(k) = 3*k**3 + 257*k**2 + 1839*k + 3. Calculate z(-8).
203
Let x(j) = -77685*j + 2485933. Determine x(32).
13
Let g(a) = a**2 - 3025*a + 2156228. Determine g(1150).
-22
Let o(x) = 2*x**2 + 300*x - 4596. Calculate o(-164).
-4
Let u(c) = -171*c**2 + 10256*c + 555. Calculate u(60).
315
Let m(g) = -262*g - 24. Give m(-4).
1024
Let v(x) = -x**3 + 98*x**2 - 1489*x - 13912. Give v(76).
-4
Let h(q) = -q**3 - 20*q**2 + 301*q + 96. Calculate h(-30).
66
Let o(z) = -z**2 - 387*z - 10276. Give o(-28).
-224
Let w(g) = g**2 - 1657*g - 723759. Give w(-359).
-15
Let s(h) = -22327*h - 1027043. Give s(-46).
-1
Let h(s) = s**3 - 58*s**2 + 718*s - 3149. What is h(43)?
-10
Let w(f) = 1105*f**2 - 9780*f - 8. Determine w(9).
1477
Let f(n) = -2*n**2 - 2043*n - 22272. Calculate f(-11).
-41
Let u(b) = 26*b**2 - 9568*b - 9567. Give u(-1).
27
Let a(t) = t**2 - 236*t - 9495. Calculate a(-35).
-10
Let c(y) = -2*y**3 - 733*y**2 + 395*y + 10329. What is c(-367)?
53
Let z(j) = -j**3 - 34*j**2 + 19*j + 441. Determine z(-31).
-3031
Let y(w) = -23*w**3 + 3*w**2 + 39*w - 41. What is y(1)?
-22
Let w(d) = -5*d**3 - 288*d**2 + 10564*d + 1930. Determine w(-83).
21
Let n(y) = -5820*y - 81978. Give n(-14).
-498
Let c(v) = 4420*v + 21121. Determine c(-5).
-9